 i be q(5). Let s(b) = -b**2 + b + 10. Let t be s(i). Calculate the highest common divisor of t and h.
5
Suppose 0 = 4*l - 1488 - 1004. Let z = -367 + l. Suppose 4*s + 0*s = z. What is the greatest common divisor of 8 and s?
8
Suppose 4*w - 41 + 9 = 0. Let a(l) = -1 + 3*l + 0 - 3. Let t be a(w). What is the highest common factor of 40 and t?
20
Let c(f) be the third derivative of -1/3*f**3 - 4/3*f**4 - 3*f**2 + 0 + 0*f. Let l be c(-4). What is the greatest common divisor of 18 and l?
18
Let a(j) = 15*j**3 + j + 1. Let l be a(-1). Let k be 263/3 + (-5)/l. What is the greatest common divisor of k and 11?
11
Suppose -3*o + 5*o + 16 = 5*m, 3*m = 3*o + 24. Let p be (0 - (-12)/o)*-110. What is the greatest common factor of p and 15?
15
Let o = 577 - 298. Calculate the greatest common factor of 9 and o.
9
Suppose 8*j = 4*j + 3*a + 497, 5*j + a - 645 = 0. Suppose -5*u = 25, 10*r - 5*r + 4*u = 60. Calculate the highest common divisor of r and j.
16
Suppose 4*x = 4*v - 124, 25 = -5*x - 0*x. Let f be (3 + -5)*-52*2. What is the highest common divisor of f and v?
26
Let k(g) = -3*g - 5. Let f be k(-5). Suppose -f + 90 = 2*v. What is the greatest common factor of v and 16?
8
Let j be 308/(-33)*(-36)/14. Calculate the highest common divisor of j and 15.
3
Suppose 27*k - 139 = 131. Suppose 56 = 4*h - 4*a, -2*a + 0 = 2*h - 12. Calculate the highest common factor of k and h.
10
Let d = 1567 + -1507. Calculate the highest common divisor of d and 160.
20
Let r(n) = n**3 - 3*n**2 - 5*n - 1. Let l be r(4). Let u(t) = -t**3 - 3*t**2 + 5*t - 12. Let g be u(l). What is the highest common factor of 65 and g?
13
Let x = 633 - 329. Calculate the greatest common factor of 16 and x.
16
Let o = 61 + 9. Let k be 1/(1*(-1)/(-2)). Suppose 35 = 4*h - 5*z, 3*z = k*h + h - 27. Calculate the greatest common factor of o and h.
10
Suppose -3*t - 3*c + 156 = 0, -3*t + 3*c + 273 = 93. Let q = -192 - -322. Let k = q + -116. What is the highest common factor of k and t?
14
Suppose 0 = -4*i + 75 - 19. Suppose 0 = 2*t + 10 - i. Calculate the highest common factor of 8 and t.
2
Let v(u) = -20*u**2 - 3*u - 1. Let f be v(-2). Let l be -3 - f/(3/1). Let j = l + -19. Calculate the greatest common factor of 6 and j.
3
Let v(o) = 6 - 3*o + 1 + 0*o + 2*o. Let h be v(7). Suppose 0 = 3*s + 2*n - 819, h*s + 2*s + 2*n - 544 = 0. Calculate the highest common divisor of s and 25.
25
Let l be 136/((-10)/45*-9). Calculate the highest common divisor of 153 and l.
17
Let v be ((-47)/3 + 5)/(4/(-72)). What is the highest common factor of v and 320?
64
Suppose 0 + 4 = 4*g. Let w(d) = 5*d**2 + 1. Let s be w(g). Let r be 9/(-6)*(-32)/s. What is the highest common divisor of r and 12?
4
Let r be (-8)/28 + (-384)/(-21). Let g = 81 - r. What is the highest common factor of 7 and g?
7
Let s = 405 - 333. Calculate the highest common divisor of 360 and s.
72
Suppose 0 = -2*d - 10 + 20. Suppose -51 = -5*y + p, 3*y - d*p - 21 = -2*p. Calculate the highest common divisor of 1 and y.
1
Suppose 2*p - 10 = 24. Suppose -123*o - 31 = -124*o. Let i = o + 54. Calculate the greatest common factor of p and i.
17
Suppose 15 = 5*i - 2*g, -i - 2 = -4*g - 5. Let y = -67 - -79. Calculate the highest common factor of i and y.
3
Let h be 7/(-14) - 22/(-4). Let j be 6*-1 - 11/11. Let g(t) = -t**3 - 7*t**2 + 10. Let v be g(j). Calculate the greatest common factor of v and h.
5
Let x be (-2 + 2)*(-2)/6 + 135. Let u = 156 - x. What is the greatest common divisor of u and 14?
7
Let k = 137 - 158. Let p be -1 + 18 - (-20 - k). What is the greatest common factor of 88 and p?
8
Let h = -151 + 250. Calculate the greatest common divisor of 18 and h.
9
Let s = -155 + 156. Calculate the highest common divisor of s and 82.
1
Let v(z) be the first derivative of z**3/3 + z**2/2 + 6*z + 40. Let t be v(-3). Calculate the greatest common divisor of t and 4.
4
Let g(m) be the third derivative of -m**4/8 - 2*m**3/3 + 11*m**2. Let u be g(-10). Calculate the greatest common factor of 117 and u.
13
Let w = 561 + -129. What is the greatest common factor of 32 and w?
16
Let i be 192*(-4)/(-8)*(-2 + 3). Suppose 0 = f - 4*l - i, -4*f + l = -7*f + 301. What is the highest common divisor of 25 and f?
25
Let k be 33/(-6)*(-12 - 2). Suppose 65 = -n + 6*n. Suppose -15 - n = -4*b. What is the highest common divisor of k and b?
7
Suppose -11*b + 14384 = 18*b. What is the highest common divisor of b and 16?
16
Let b(t) = -2*t - 5. Let h be b(-4). Suppose 2*w = -h*w + 10. Suppose 0 = w*c + 1 - 5. Calculate the greatest common divisor of c and 18.
2
Let w(o) = -12*o - 5. Suppose -2*v + 25 = 3*v. Let i be w(v). Let k = i - -95. What is the greatest common factor of k and 30?
30
Let f = -26 - -34. Let i(t) be the third derivative of -t**5/60 + 11*t**4/24 - 2*t**3 - 2*t**2. Let y be i(f). Calculate the greatest common divisor of 3 and y.
3
Suppose -51*w = -112*w + 8113. What is the greatest common divisor of w and 285?
19
Let f be (-30)/165 - 2/(-11). Let n = f + 120. What is the greatest common factor of n and 15?
15
Let h = 16 - -26. What is the greatest common divisor of 504 and h?
42
Let n(y) = y**3 + 15*y**2 - y - 13. Suppose -2*h = 3*g + 3*h + 30, 5*g = h - 78. Let u be n(g). What is the highest common divisor of u and 6?
2
Suppose -2*v = 10, -12*v + 16*v = g - 241. Calculate the highest common factor of g and 17.
17
Let v = 64 + -46. Let k = v - -61. Suppose 0 = -2*w + 41 + k. What is the highest common divisor of w and 12?
12
Let q be 1*(-75)/6*-2. Let w be 180/42 - 4/14. Let a(p) = 2*p - 3. Let n be a(w). Calculate the highest common divisor of q and n.
5
Let p(x) = -2*x**3 - 6*x**2 - 7*x - 2. Let k be p(-3). What is the highest common factor of k and 1425?
19
Suppose -15 = 2*r + 25. Let g = 23 + r. Suppose g*n - 251 = -f - n, 4*f = -2*n + 934. What is the greatest common divisor of f and 21?
21
Let g be (((-315)/(-10))/7)/(9/6). Suppose -g*i - 2*c = -150, -i = c + 9 - 58. What is the highest common factor of 65 and i?
13
Let d = -44 - -22. Let t = d + 26. What is the greatest common factor of 12 and t?
4
Let d be 3/(-15) + (-5)/(200/(-688)). What is the greatest common factor of 2 and d?
1
Let d(s) = 2*s**2 + 7*s - 6. Let z be d(-6). Suppose -2533 - 1163 = -22*y. What is the highest common factor of z and y?
24
Suppose 2*u - 4*r - 6 = 0, u - 7 = -u + 3*r. Suppose -50 = -u*q + 90. What is the highest common factor of 308 and q?
28
Let y(u) be the third derivative of 3*u**4/8 - u**3/2 - 21*u**2. Let z be y(7). What is the greatest common divisor of 30 and z?
30
Let s = -2 + 14. Let m be (-2 - (-28)/s)*24. Let r(g) = -g**3 + 7*g**2 + 9*g + 7. Let o be r(m). What is the greatest common divisor of 15 and o?
15
Suppose x + 3*n - 8 = -104, -196 = 2*x + 5*n. Let j be (2 - (-1 - -2))/((-4)/x). Suppose 0*k = 3*k - 54. Calculate the greatest common divisor of k and j.
9
Let x(s) = -s**3 - 2*s - s**2 - s**2 + 48 + 3*s**2 + 2*s**3. Let g be x(0). Let d be ((-1)/3)/(7/(-672)). Calculate the highest common divisor of g and d.
16
Let i(c) = -16*c - 72. Let a be i(-7). Let x be 138/(-8)*a/(-15). Calculate the highest common factor of 460 and x.
46
Suppose 2*r = 4*r - 6. Suppose -5*q + 601 = -2*q + l, 4*q = -r*l + 803. Suppose t = -2, 61*t - 64*t + 69 = 3*g. What is the highest common factor of q and g?
25
Let f(s) = -s**3 - s**2 + s + 264. Let l be f(0). Let z be 0/(-5) - 1 - 9. Let p be (-366)/(-15) + 4/z. Calculate the highest common divisor of l and p.
24
Suppose 0 = -u + 4*f + 22, -4*u + 4*f + 80 = -56. Let c = u + 47. Let y be (-138)/(-4) - (-1)/(-2). What is the greatest common divisor of c and y?
17
Let o be 388/(-26)*-2 + ((-8)/13)/(-4). Let f(a) = 11*a**2 - 2*a + 1. Let k be f(1). What is the greatest common factor of k and o?
10
Suppose 5*m = q + 38, 2*q = m - 0 - 13. Calculate the highest common divisor of 1379 and m.
7
Let d be 3/5 + (-1053)/(-45). Calculate the greatest common factor of d and 16.
8
Let f be (-17 + -11)*(-9 + -7). Calculate the greatest common factor of f and 140.
28
Suppose 0 = 40*o - 383 - 57. Calculate the greatest common divisor of o and 671.
11
Let y(d) = -46*d + 2. Suppose -3*v = k - 3, k - v - 3*v + 11 = 0. Let b be y(k). Let n be 8/(-10)*b/(-8). What is the greatest common factor of 28 and n?
14
Let o be 3/((-2)/4 - -2). Suppose -23 = -5*